 25352. Calculate f(-1).
-2
Let f(z) = -2*z**3 + 35*z**2 + 238*z + 247. Give f(23).
-98
Let l(n) = 2*n**3 - 23*n**2 + 35*n - 81. Calculate l(10).
-31
Let g(t) = 2*t**2 - 10034*t + 120112. What is g(12)?
-8
Let r(p) = -p**3 + 6*p**2 - 3612*p + 32761. Give r(9).
10
Let g(t) = 26730*t + 294145. Give g(-11).
115
Let x(t) = 132*t - 31641. Determine x(240).
39
Let n(o) = 490*o + 37067. Calculate n(-77).
-663
Let w(m) = 1137*m - 117130. Give w(103).
-19
Let a(m) = -3*m**2 - 439*m - 1749. Calculate a(-142).
97
Let h(y) = 3827*y + 14054. Determine h(-4).
-1254
Let f(x) = 177*x + 87101. Calculate f(-492).
17
Let i(d) = -3*d**3 + 10*d**2 + 750*d - 8757. Determine i(12).
-3501
Let q(f) = 53146*f - 1116087. Give q(21).
-21
Let y(o) = -4*o**2 + 444*o - 16125. Give y(41).
-4645
Let m(z) = 16*z**3 + 774*z**2 - 1289*z + 566. Determine m(-50).
16
Let c(d) = -d**3 - 15*d**2 - 508*d - 8408. Give c(-16).
-24
Let r(j) = 244817*j - 979306. Calculate r(4).
-38
Let f(r) = -2*r**3 + 27*r**2 + 666*r - 8832. Calculate f(13).
-5
Let y(i) = 10*i**3 + 2147*i**2 + 1441*i - 12202. Calculate y(-214).
-4
Let b(h) = 5*h**2 + 390*h + 4288. Determine b(-13).
63
Let k(r) = r**2 - 164. Give k(24).
412
Let f(q) = 24*q**2 - 592*q - 4. Give f(8).
-3204
Let q(k) = 2*k**2 - 593*k + 10532. Determine q(19).
-13
Let u(n) = n**2 + 128*n + 2242. Determine u(-40).
-1278
Let f(x) = x**2 + 167*x + 6392. Determine f(-107).
-28
Let t(p) = -196*p**2 + 2634*p - 3381. Calculate t(12).
3
Let i(g) = 5*g**3 - 107*g**2 + 50*g - 368. Determine i(21).
-200
Let f(r) = -r**2 - 6*r + 9901. What is f(97)?
-90
Let z(t) = 2*t**3 - 733*t**2 + 1833*t - 4733. Determine z(364).
-1
Let b(m) = 2900*m + 257778. Determine b(-89).
-322
Let a(x) = -3*x**3 + 898*x**2 + 569*x + 9303. Give a(300).
3
Let c(u) = -5*u**2 - 6029*u - 6020. What is c(-1)?
4
Let v(a) = -6*a**3 + 45*a**2 + 768*a - 5520. Give v(7).
3
Let b(u) = -253*u**3 - 9*u**2 - 158*u + 325. Determine b(2).
-2051
Let k(y) = 75*y**2 - 198*y - 197. What is k(-2)?
499
Let v(o) = -553*o - 25400. Determine v(-53).
3909
Let z(g) = 2*g**2 + 1206*g - 209800. Determine z(-744).
8
Let q(l) = -l**2 + 14*l + 305. Give q(-10).
65
Let r(c) = 267*c**2 - 8*c - 13. Determine r(2).
1039
Let x(d) = -682*d - 715. Determine x(-1).
-33
Let p(h) = -1067*h - 473730. Determine p(-444).
18
Let x(r) = 2108*r - 54878. Calculate x(26).
-70
Let z(s) = 143274*s**2 + 286543*s - 2. Calculate z(-2).
8
Let b(c) = -c**3 - 49*c**2 + 232*c - 2371. Calculate b(-54).
-319
Let j(i) = -40537*i - 121583. Give j(-3).
28
Let d(q) = -q**3 + 8*q**2 - 71*q + 212. Give d(4).
-8
Let o(w) = -162*w + 5207. What is o(52)?
-3217
Let y(l) = 51*l - 1740. Calculate y(48).
708
Let v(p) = -29*p**2 + 11999*p - 12000. What is v(1)?
-30
Let p(q) = 331473*q - 2320285. Calculate p(7).
26
Let g(p) = -3441*p - 240817. Determine g(-70).
53
Let v(s) = 1511*s - 31690. Give v(21).
41
Let k(p) = 62360*p - 561245. What is k(9)?
-5
Let f(l) = 4471*l + 78682. Calculate f(-18).
-1796
Let g(m) = -1088*m - 66399. Calculate g(-61).
-31
Let s(t) = 5*t**2 + 630*t - 10442. Give s(15).
133
Let f(x) = -x**3 + 790*x**2 + 1030*x - 1435184. What is f(789)?
7
Let g(z) = -18*z**2 - 65*z + 1073. Calculate g(8).
-599
Let j(f) = -18*f**2 + 134*f + 176. Determine j(8).
96
Let v(d) = 16*d**2 + 519*d + 3129. Calculate v(-8).
1
Let l(g) = -3*g**3 - 75*g**2 - 333*g - 86. What is l(-16)?
-1670
Let b(v) = -5*v**3 - 419*v**2 - 8681*v - 841. Determine b(-37).
10
Let x(j) = 260*j - 31983. Determine x(123).
-3
Let t(n) = 21*n**2 - 263*n - 739. Give t(15).
41
Let g(u) = -836140*u + 25920337. What is g(31)?
-3
Let p(r) = r**3 + 584*r**2 - 8366*r + 3246. Give p(-598).
-342
Let x(b) = -8*b**2 - 14186*b + 85388. Give x(6).
-16
Let t(h) = -699934*h - 7699286. Determine t(-11).
-12
Let a(x) = 5*x**3 + 493*x**2 + 290*x - 315. What is a(-98)?
77
Let o(m) = -m**2 + 311*m + 8389. What is o(-25)?
-11
Let l(g) = -4*g**3 - 126*g**2 + 18*g - 1480. What is l(-32)?
-8
Let c(x) = -4*x**2 + 241*x + 348. Calculate c(61).
165
Let v(f) = 89*f**2 - 29*f + 32. Determine v(1).
92
Let j(l) = 30*l**2 + 5516*l + 10191. Calculate j(-182).
-1
Let p(u) = -2*u**3 - 30*u**2 - 137*u + 25. What is p(-6)?
199
Let w(i) = -3*i**3 + 9*i**2 + 636*i + 1889. Determine w(-3).
143
Let k(p) = 2*p**3 + 46*p**2 - 256*p - 5072. Calculate k(-21).
2068
Let s(w) = -2*w**3 - 30*w**2 - 287*w - 2991. Give s(-13).
64
Let k(w) = -1026*w + 69726. What is k(68)?
-42
Let f(l) = 60*l**2 + 26791*l + 13859. Calculate f(-446).
33
Let l(k) = 16*k**3 - 1859*k**2 + 342*k + 691. Determine l(116).
-5
Let q(w) = -29*w**3 - 110*w**2 + 3*w + 45. What is q(-7)?
4581
Let c(f) = -f**2 + 589*f + 11554. Calculate c(-19).
2
Let d(m) = 36*m + 1120. Determine d(-85).
-1940
Let x(a) = -2028*a + 7313. Give x(5).
-2827
Let p(q) = 5*q**3 - 85*q**2 - 290*q + 33. Give p(-3).
3
Let w(v) = -91874*v + 91850. Determine w(1).
-24
Let c(z) = z**3 + 74*z**2 - 1991*z + 382. Determine c(-95).
2
Let n(y) = -7*y**2 - 64*y - 706. Calculate n(-7).
-601
Let q(j) = -j**3 + 15923*j**2 + 63715*j + 20. What is q(-4)?
-8
Let l(o) = 11*o**3 - 366*o**2 - 274*o + 19. Calculate l(34).
-49
Let j(v) = 4*v**2 - 229*v - 56. Determine j(-8).
2032
Let d(y) = 14123*y - 367194. Calculate d(26).
4
Let g(j) = -8390*j - 688037. Give g(-82).
-57
Let u(p) = -2*p**3 - 23*p**2 + 57*p + 945. Determine u(-9).
27
Let u(s) = 22*s**2 + 580*s + 134. Calculate u(-29).
1816
Let r(d) = -4*d**2 - 2316*d + 29922. Determine r(13).
-862
Let l(g) = -g**3 - 110*g**2 - 1691*g - 3222. Give l(-92).
-2
Let b(h) = -5*h**2 + 29*h - 223. What is b(7)?
-265
Let f(t) = 12*t**2 - 1214*t - 1038. What is f(102)?
-18
Let p(g) = -g**3 - 31*g**2 - 68*g - 2119. What is p(-30)?
-979
Let n(h) = h**2 - 65*h + 913. What is n(36)?
-131
Let l(g) = -16*g**2 + 1527*g + 185. Calculate l(92).
5245
Let n(y) = -2*y**2 + 783*y + 22594. Give n(-27).
-5
Let g(s) = 10*s**3 + 25*s**2 - 125*s + 4. Give g(5).
1254
Let m(d) = -5*d**2 - 562*d + 41379. Determine m(-163).
140
Let u(l) = -192777*l - 771021. Calculate u(-4).
87
Let p(r) = -2*r**3 + 28*r**2 + 91*r - 1218. What is p(15)?
-303
Let i(r) = 3*r**3 - 78*r**2 - 95*r + 322. What is i(27)?
-56
Let f(l) = 387*l + 9898. Calculate f(-26).
-164
Let l(a) = a**3 - 36*a**2 - 2195*a - 545. Give l(-32).
63
Let n(g) = 28758*g + 229656. Determine n(-8).
-408
Let i(u) = u**3 - 4*u**2 - 400*u + 2014. Calculate i(5).
39
Let c(h) = 6*h**3 + 232*h**2 - 325*h - 251. Give c(-40).
-51
Let d(r) = -r**3 + 417*r**2 + 6045*r - 5482. What is d(431)?
-741
Let r(x) = -x**2 + 4211*x + 46450. Calculate r(-11).
8
Let k(o) = o**3 - 21*o**2 + 95*o - 171. Determine k(6).
-141
Let i(a) = 4288*a - 184336. Determine i(43).
48
Let u(q) = 3*q**3 - 2048*q**2 + 3128*q + 188641. Determine u(681).
4
Let k(x) = -x**3 + 34*x**2 - 190*x - 1574. Calculate k(24).
-374
Let r(q) = -32*q**2 - 3307*q - 80572. Give r(-64).
4
Let m(a) = 225*a + 8203. Determine m(-37).
-122
Let z(k) = -844*k - 5055. What is z(-6)?
9
Let o(c) = 5*c**3 + 5*c**2 + 197*c + 811. Determine o(-4).
-217
Let u(d) = d**3 + 14*d**2 + 65571*d + 196623. Determine u(-3).
9
Let f(z) = -7*z**2 - 271*z - 2124. Give f(-28).
-24
Let m(a) = 40462*a + 485545. What is m(-12)?
1
Let s(q) = -2*q**3 + 8*q**2 + 4222*q + 44. Determine s(48).
-52
Let y(x) = -168851*x - 1181957. Determine y(-7).
0
Let w(m) = -20*m**2 + 1285*m - 6354. Determine w(5).
-429
Let x(h) = 63*h - 12251. Calculate x(142).
-3305
Let k(q) = q**3 + 119*q**2 + 3287*q - 3173. Calculate k(-74).
9
Let j(k) = -k**3 - 1158*k**2 - 18266*k + 92. What is j(-16)?
-4
Let i(p) = -27*p**3 - 34*p**2 + 6*p + 21. What is i(-3)?
426
Let f(n) = n**3 + n**2 - 1130*n + 174. What is f(33)?
-90
Let t(m) = -m**3 - 30*m**2 + 128*m + 968. Give t(-33).
11
Let h(t) = -535*t**3 + 2*t**2 - 12*t + 11. Determine h(1).
-534
Let k(i) = -3*i**3 - 36*i**2 + 3772*i + 246. Calculate k(30).
6
Let i(a) = a**3 + 358*a**2 + 5840*a + 14689. Calculate i(-341).
26
Let j(p) = -162*p**2 - 1174*p - 1825. Give j(-5).
-5
Let z(d) = d**2 - 377158*d - 4148837. Calculate z(-11).
22
Let c(t) = -t**2 + 130*t + 180679. What is c(-365)?
4
Let j(y) = -32*y**2 + 1100*y - 377. Give j(34).
31
Let j(m) = -2847*m - 11284. Determine j(-4).
104
Let s(x) = x**3 - 468*x**2 + 3227*x + 1. Calculate s(461).
1
Let q(t) = -11280*t - 289. What is q(0)?
-289
Let u(y) = -y**3